{"id":622,"date":"2021-04-21T18:08:22","date_gmt":"2021-04-21T16:08:22","guid":{"rendered":"https:\/\/fizjograwitacja.pl\/?page_id=622"},"modified":"2021-04-21T19:49:21","modified_gmt":"2021-04-21T17:49:21","slug":"masaz-stemplami-ziolowymi","status":"publish","type":"page","link":"https:\/\/fizjograwitacja.pl\/index.php\/masaz-stemplami-ziolowymi\/","title":{"rendered":"Masa\u017c stemplami zio\u0142owymi"},"content":{"rendered":"\t\t<div data-elementor-type=\"wp-page\" data-elementor-id=\"622\" class=\"elementor elementor-622\" data-elementor-settings=\"{&quot;ha_cmc_init_switcher&quot;:&quot;no&quot;}\">\n\t\t\t\t\t\t<section class=\"elementor-section elementor-top-section elementor-element elementor-element-31079a5a elementor-section-boxed elementor-section-height-default elementor-section-height-default\" data-id=\"31079a5a\" data-element_type=\"section\" data-e-type=\"section\" data-settings=\"{&quot;background_background&quot;:&quot;classic&quot;,&quot;_ha_eqh_enable&quot;:false}\">\n\t\t\t\t\t\t<div class=\"elementor-container elementor-column-gap-default\">\n\t\t\t\t\t<div class=\"elementor-column elementor-col-100 elementor-top-column elementor-element elementor-element-42ea4e6e\" data-id=\"42ea4e6e\" data-element_type=\"column\" data-e-type=\"column\">\n\t\t\t<div class=\"elementor-widget-wrap elementor-element-populated\">\n\t\t\t\t\t\t<div class=\"elementor-element elementor-element-127fc39b elementor-widget elementor-widget-image\" data-id=\"127fc39b\" data-element_type=\"widget\" data-e-type=\"widget\" data-widget_type=\"image.default\">\n\t\t\t\t<div class=\"elementor-widget-container\">\n\t\t\t\t\t\t\t\t\t\t\t\t\t\t\t<img fetchpriority=\"high\" decoding=\"async\" width=\"450\" height=\"600\" src=\"https:\/\/fizjograwitacja.pl\/uploads\/2021\/04\/stemple_Easy-Resize.com_.jpg\" class=\"attachment-medium_large size-medium_large wp-image-612\" alt=\"\" srcset=\"https:\/\/fizjograwitacja.pl\/uploads\/2021\/04\/stemple_Easy-Resize.com_.jpg 450w, https:\/\/fizjograwitacja.pl\/uploads\/2021\/04\/stemple_Easy-Resize.com_-225x300.jpg 225w\" sizes=\"(max-width: 450px) 100vw, 450px\" \/>\t\t\t\t\t\t\t\t\t\t\t\t\t\t\t<\/div>\n\t\t\t\t<\/div>\n\t\t\t\t<div class=\"elementor-element elementor-element-4aef4a0b elementor-widget elementor-widget-text-editor\" data-id=\"4aef4a0b\" data-element_type=\"widget\" data-e-type=\"widget\" data-widget_type=\"text-editor.default\">\n\t\t\t\t<div class=\"elementor-widget-container\">\n\t\t\t\t\t\t\t\t\t<p align=\"center\" style=\"margin-bottom: 0cm\"><br>\n\n<\/p><p align=\"center\" style=\"margin-bottom: 0cm\">MASA\u017b STEMPLAMI<\/p><p style=\"margin-bottom: 0cm\"><br>\n\n<\/p><p style=\"text-indent: 0.98cm; margin-bottom: 0cm; line-height: 150%; page-break-before: auto\">\nMasa\u017c z u\u017cyciem gor\u0105cych zi\u00f3\u0142 &#8211; wykonywany jest z u\u017cyciem\nspecjalnie przygotowanych przez Nas stempli, w kt\u00f3rych umieszczone\ns\u0105 zio\u0142a i przyprawy. Jest to masa\u017c relaksacyjny, kt\u00f3ry odpr\u0119\u017cai\nkoi, zar\u00f3wno cia\u0142o jak i zmys\u0142y osoby masowanej. Zgodnie z\ntradycyjnym masa\u017cem tajskim, osoba, kt\u00f3ra wykonuje masa\u017c, \nprzesuwa\u0142a stemple wzd\u0142u\u017c przebiegu meridian\u00f3w (lini \u0142\u0105cz\u0105cyvh\npunkty akupunkturowe). \n<\/p><p style=\"margin-bottom: 0cm\"><br>\n\n<\/p><p style=\"text-indent: 0.95cm; margin-bottom: 0cm; line-height: 150%; page-break-before: auto\">\nUwalniaj\u0105cy si\u0119 zapach zi\u00f3\u0142 i przypraw oraz przyjemne ciep\u0142o\n<strong><span style=\"font-weight: normal\">podczas masa\u017cu stemplami\nzio\u0142owymi<\/span><\/strong><span style=\"font-weight: normal\"> <\/span>sprawia,\n\u017ce zar\u00f3wno Nasz umys\u0142 jak i cia\u0142o zapadaj\u0105 w b\u0142ogi stan jakim\njest relaks. Ciep\u0142o, kt\u00f3re towarzyszy podczas masa\u017cu, rozszerza\npory, co u\u0142atwia wnikanie aktywnych sk\u0142adnik\u00f3w, rozlu\u017ania spi\u0119te\nmi\u0119\u015bnie oraz poprawia kondycj\u0119 cery. <strong><span style=\"font-weight: normal\">Po\nzabiegu stemplami<\/span><\/strong><strong> <\/strong><strong><span style=\"font-weight: normal\">zio\u0142owymi<\/span><\/strong><span style=\"font-weight: normal\">\n<\/span>sk\u00f3ra staje si\u0119 nawil\u017cona, wyg\u0142adzona,  roz\u015bwietlona oraz\nuj\u0119drniona. Zabieg mo\u017ce mie\u0107 r\u00f3wnie\u017c dzia\u0142anie przeciwb\u00f3lowe. \n<\/p><p style=\"text-indent: 0.95cm; margin-bottom: 0cm; line-height: 150%; page-break-before: auto\">\n<strong><span style=\"font-weight: normal\">Masa\u017c stemplami zio\u0142owymi<\/span><\/strong><span style=\"font-weight: normal\">\n<\/span>szczeg\u00f3lnie zaleca si\u0119 osobom \u017cyj\u0105cym w ci\u0105g\u0142ym stresie,\nprzem\u0119czonym, skar\u017c\u0105cym si\u0119 na b\u00f3le mi\u0119\u015bni oraz cellulitem. \n<\/p><p style=\"text-indent: 0.95cm; margin-bottom: 0cm; line-height: 150%\">\n<br>\n\n<\/p><p>PRZECIWWSKAZANIA:<\/p><ul>\n\t<li>\n<p style=\"margin-bottom: 0cm\">gor\u0105czka,<\/p>\n\t<\/li><li>\n<p style=\"margin-bottom: 0cm\">menstruacja, \n\t<\/p>\n\t<\/li><li>\n<p style=\"margin-bottom: 0cm\">ci\u0105\u017ca, \n\t<\/p>\n\t<\/li><li>\n<p style=\"margin-bottom: 0cm\">\u017cylaki, \n\t<\/p>\n\t<\/li><li>\n<p style=\"margin-bottom: 0cm\">przewlek\u0142y stany zapalne, \n\t<\/p>\n\t<\/li><li>\n<p style=\"margin-bottom: 0cm\">przerwanie ci\u0105g\u0142o\u015bci\n\tnask\u00f3rka, \u015bwie\u017ce rany, \n\t<\/p>\n\t<\/li><li>\n<p style=\"margin-bottom: 0cm\">owrzodzenia, \n\t<\/p>\n\t<\/li><li>\n<p style=\"margin-bottom: 0cm\">problemy z krzepliwo\u015bci\u0105 krwi,\n\t\t<\/p>\n\t<\/li><li>\n<p style=\"margin-bottom: 0cm\">alergie na olejki eteryczne i\n\tzio\u0142a, \n\t<\/p>\n\t<\/li><li>\n<p style=\"margin-bottom: 0cm\">kaszel, \n\t<\/p>\n\t<\/li><li>\n<p>astma.<\/p><\/li><\/ul><p align=\"justify\">\n\n\n\n\n\n\n\n\n\n\n<\/p><p style=\"text-indent: 0.98cm; margin-bottom: 0cm\">Dost\u0119pne s\u0105 u\nNas dwa rodzaje mieszanek zio\u0142owych. Jedna odpr\u0119\u017ca i wycisza cia\u0142o\ndruga pobudza i orze\u017awia.&nbsp;&nbsp;<\/p>\t\t\t\t\t\t\t\t<\/div>\n\t\t\t\t<\/div>\n\t\t\t\t<div class=\"elementor-element elementor-element-6f93c4bf elementor-align-center elementor-widget elementor-widget-button\" data-id=\"6f93c4bf\" data-element_type=\"widget\" data-e-type=\"widget\" data-widget_type=\"button.default\">\n\t\t\t\t<div class=\"elementor-widget-container\">\n\t\t\t\t\t\t\t\t\t<div class=\"elementor-button-wrapper\">\n\t\t\t\t\t<a class=\"elementor-button elementor-button-link elementor-size-sm\" href=\"http:\/\/www.fizjograwitacja.pl\">\n\t\t\t\t\t\t<span class=\"elementor-button-content-wrapper\">\n\t\t\t\t\t\t\t\t\t<span class=\"elementor-button-text\">Powr\u00f3t do strony g\u0142\u00f3wnej<\/span>\n\t\t\t\t\t<\/span>\n\t\t\t\t\t<\/a>\n\t\t\t\t<\/div>\n\t\t\t\t\t\t\t\t<\/div>\n\t\t\t\t<\/div>\n\t\t\t\t\t<\/div>\n\t\t<\/div>\n\t\t\t\t\t<\/div>\n\t\t<\/section>\n\t\t\t\t<\/div>\n\t\t","protected":false},"excerpt":{"rendered":"<p>MASA\u017b STEMPLAMI Masa\u017c z u\u017cyciem gor\u0105cych zi\u00f3\u0142 &#8211; wykonywany jest z u\u017cyciem specjalnie przygotowanych przez Nas stempli, w kt\u00f3rych umieszczone s\u0105 zio\u0142a i przyprawy. Jest to masa\u017c relaksacyjny, kt\u00f3ry odpr\u0119\u017cai koi, zar\u00f3wno cia\u0142o jak i zmys\u0142y osoby masowanej. Zgodnie z tradycyjnym masa\u017cem tajskim, osoba, kt\u00f3ra wykonuje masa\u017c, przesuwa\u0142a stemple wzd\u0142u\u017c przebiegu meridian\u00f3w (lini \u0142\u0105cz\u0105cyvh punkty [&hellip;]<\/p>\n","protected":false},"author":1,"featured_media":0,"parent":0,"menu_order":0,"comment_status":"closed","ping_status":"closed","template":"","meta":{"om_disable_all_campaigns":false,"_monsterinsights_skip_tracking":false,"_monsterinsights_sitenote_active":false,"_monsterinsights_sitenote_note":"","_monsterinsights_sitenote_category":0,"ocean_post_layout":"full-width","ocean_both_sidebars_style":"","ocean_both_sidebars_content_width":0,"ocean_both_sidebars_sidebars_width":0,"ocean_sidebar":"0","ocean_second_sidebar":"0","ocean_disable_margins":"enable","ocean_add_body_class":"","ocean_shortcode_before_top_bar":"","ocean_shortcode_after_top_bar":"","ocean_shortcode_before_header":"","ocean_shortcode_after_header":"","ocean_has_shortcode":"","ocean_shortcode_after_title":"","ocean_shortcode_before_footer_widgets":"","ocean_shortcode_after_footer_widgets":"","ocean_shortcode_before_footer_bottom":"","ocean_shortcode_after_footer_bottom":"","ocean_display_top_bar":"default","ocean_display_header":"off","ocean_header_style":"","ocean_center_header_left_menu":"0","ocean_custom_header_template":"0","ocean_custom_logo":0,"ocean_custom_retina_logo":0,"ocean_custom_logo_max_width":0,"ocean_custom_logo_tablet_max_width":0,"ocean_custom_logo_mobile_max_width":0,"ocean_custom_logo_max_height":0,"ocean_custom_logo_tablet_max_height":0,"ocean_custom_logo_mobile_max_height":0,"ocean_header_custom_menu":"0","ocean_menu_typo_font_family":"0","ocean_menu_typo_font_subset":"","ocean_menu_typo_font_size":0,"ocean_menu_typo_font_size_tablet":0,"ocean_menu_typo_font_size_mobile":0,"ocean_menu_typo_font_size_unit":"px","ocean_menu_typo_font_weight":"","ocean_menu_typo_font_weight_tablet":"","ocean_menu_typo_font_weight_mobile":"","ocean_menu_typo_transform":"","ocean_menu_typo_transform_tablet":"","ocean_menu_typo_transform_mobile":"","ocean_menu_typo_line_height":0,"ocean_menu_typo_line_height_tablet":0,"ocean_menu_typo_line_height_mobile":0,"ocean_menu_typo_line_height_unit":"","ocean_menu_typo_spacing":0,"ocean_menu_typo_spacing_tablet":0,"ocean_menu_typo_spacing_mobile":0,"ocean_menu_typo_spacing_unit":"","ocean_menu_link_color":"","ocean_menu_link_color_hover":"","ocean_menu_link_color_active":"","ocean_menu_link_background":"","ocean_menu_link_hover_background":"","ocean_menu_link_active_background":"","ocean_menu_social_links_bg":"","ocean_menu_social_hover_links_bg":"","ocean_menu_social_links_color":"","ocean_menu_social_hover_links_color":"","ocean_disable_title":"on","ocean_disable_heading":"default","ocean_post_title":"","ocean_post_subheading":"","ocean_post_title_style":"","ocean_post_title_background_color":"","ocean_post_title_background":0,"ocean_post_title_bg_image_position":"","ocean_post_title_bg_image_attachment":"","ocean_post_title_bg_image_repeat":"","ocean_post_title_bg_image_size":"","ocean_post_title_height":0,"ocean_post_title_bg_overlay":0.5,"ocean_post_title_bg_overlay_color":"","ocean_disable_breadcrumbs":"default","ocean_breadcrumbs_color":"","ocean_breadcrumbs_separator_color":"","ocean_breadcrumbs_links_color":"","ocean_breadcrumbs_links_hover_color":"","ocean_display_footer_widgets":"default","ocean_display_footer_bottom":"default","ocean_custom_footer_template":"0","footnotes":""},"class_list":["post-622","page","type-page","status-publish","hentry","entry"],"aioseo_notices":[],"_hostinger_reach_plugin_has_subscription_block":false,"_hostinger_reach_plugin_is_elementor":false,"_links":{"self":[{"href":"https:\/\/fizjograwitacja.pl\/index.php\/wp-json\/wp\/v2\/pages\/622","targetHints":{"allow":["GET"]}}],"collection":[{"href":"https:\/\/fizjograwitacja.pl\/index.php\/wp-json\/wp\/v2\/pages"}],"about":[{"href":"https:\/\/fizjograwitacja.pl\/index.php\/wp-json\/wp\/v2\/types\/page"}],"author":[{"embeddable":true,"href":"https:\/\/fizjograwitacja.pl\/index.php\/wp-json\/wp\/v2\/users\/1"}],"replies":[{"embeddable":true,"href":"https:\/\/fizjograwitacja.pl\/index.php\/wp-json\/wp\/v2\/comments?post=622"}],"version-history":[{"count":5,"href":"https:\/\/fizjograwitacja.pl\/index.php\/wp-json\/wp\/v2\/pages\/622\/revisions"}],"predecessor-version":[{"id":698,"href":"https:\/\/fizjograwitacja.pl\/index.php\/wp-json\/wp\/v2\/pages\/622\/revisions\/698"}],"wp:attachment":[{"href":"https:\/\/fizjograwitacja.pl\/index.php\/wp-json\/wp\/v2\/media?parent=622"}],"curies":[{"name":"wp","href":"https:\/\/api.w.org\/{rel}","templated":true}]}}