{"id":314,"date":"2021-04-19T11:03:01","date_gmt":"2021-04-19T09:03:01","guid":{"rendered":"https:\/\/fizjograwitacja.pl\/?page_id=314"},"modified":"2021-04-21T17:21:04","modified_gmt":"2021-04-21T15:21:04","slug":"metoda-fed","status":"publish","type":"page","link":"https:\/\/fizjograwitacja.pl\/index.php\/metoda-fed\/","title":{"rendered":"Metoda Fed &#8211; Bezinawazyjne leczenie skolioz i wad postawy"},"content":{"rendered":"\t\t<div data-elementor-type=\"wp-page\" data-elementor-id=\"314\" class=\"elementor elementor-314\" data-elementor-settings=\"{&quot;ha_cmc_init_switcher&quot;:&quot;no&quot;}\">\n\t\t\t\t\t\t<section class=\"elementor-section elementor-top-section elementor-element elementor-element-41ed9412 elementor-section-boxed elementor-section-height-default elementor-section-height-default\" data-id=\"41ed9412\" data-element_type=\"section\" data-e-type=\"section\" data-settings=\"{&quot;background_background&quot;:&quot;classic&quot;,&quot;_ha_eqh_enable&quot;:false}\">\n\t\t\t\t\t\t<div class=\"elementor-container elementor-column-gap-default\">\n\t\t\t\t\t<div class=\"elementor-column elementor-col-100 elementor-top-column elementor-element elementor-element-17d06885\" data-id=\"17d06885\" data-element_type=\"column\" data-e-type=\"column\">\n\t\t\t<div class=\"elementor-widget-wrap elementor-element-populated\">\n\t\t\t\t\t\t<div class=\"elementor-element elementor-element-7eac5767 elementor-widget elementor-widget-image\" data-id=\"7eac5767\" data-element_type=\"widget\" data-e-type=\"widget\" data-widget_type=\"image.default\">\n\t\t\t\t<div class=\"elementor-widget-container\">\n\t\t\t\t\t\t\t\t\t\t\t\t\t\t\t<img fetchpriority=\"high\" decoding=\"async\" width=\"480\" height=\"600\" src=\"https:\/\/fizjograwitacja.pl\/uploads\/2021\/04\/IMG_1133_Easy-Resize.com_.jpg\" class=\"attachment-medium_large size-medium_large wp-image-324\" alt=\"\" srcset=\"https:\/\/fizjograwitacja.pl\/uploads\/2021\/04\/IMG_1133_Easy-Resize.com_.jpg 480w, https:\/\/fizjograwitacja.pl\/uploads\/2021\/04\/IMG_1133_Easy-Resize.com_-240x300.jpg 240w\" sizes=\"(max-width: 480px) 100vw, 480px\" \/>\t\t\t\t\t\t\t\t\t\t\t\t\t\t\t<\/div>\n\t\t\t\t<\/div>\n\t\t\t\t<div class=\"elementor-element elementor-element-66943ea5 elementor-widget elementor-widget-text-editor\" data-id=\"66943ea5\" data-element_type=\"widget\" data-e-type=\"widget\" data-widget_type=\"text-editor.default\">\n\t\t\t\t<div class=\"elementor-widget-container\">\n\t\t\t\t\t\t\t\t\t<div class=\"wrapper style2\" style=\"font-variant-ligatures: normal; font-variant-caps: normal; font-family: Dosis; font-size: 18px; font-style: normal; font-weight: 400;\"><article id=\"about\" class=\"container special\" style=\"font-size: 18px;\"><p style=\"font-size: 18px;\">Centrum rehabilitacji Grawitacja w Radomsku oferuje Pa\u0144stwu mo\u017cliwo\u015b\u0107 leczenia wad postawy metod\u0105 FED. Jest to w pe\u0142ni bezinwazyjny i skuteczny spos\u00f3b leczenia, nierzadko b\u0119d\u0105cy szans\u0105 dla unikni\u0119cia operacji. Nasz team stara si\u0119 podchodzi\u0107 do pacjenta w pe\u0142ni kompleksowo i indywidualnie. Nasi specjali\u015bci, przeszkoleni przez samego tw\u00f3rc\u0119 metody prof. Sanstosa Sastre Fernandeza z Kliniki w Barcelonie dokonaj\u0105 kwalifikacji do terapii oraz przeprowadz\u0105 sesje terapeutyczne.<\/p><p style=\"font-size: 18px;\">Nazwa urz\u0105dzenia jak i ca\u0142ej metody FED to skr\u00f3t s\u0142\u00f3w w nazwie ( ang. Fixation, Elongation, Derotation, pol. ustabilizowanie, wyd\u0142u\u017cenie, derotacja).<br \/>Ustabilizowany w ka\u017cdej p\u0142aszczy\u017anie kr\u0119gos\u0142up pacjenta jest poddawany jednocze\u015bnie wyd\u0142u\u017ceniu oraz korekcji z derotacj\u0105. Si\u0142a oddzia\u0142uj\u0105ca jest aplikowana poprzez rami\u0119 napieraj\u0105ce umieszczone na wysoko\u015bci szczytu skoliozy.<\/p><p style=\"font-size: 18px;\">Cykl w Naszym O\u015brodku sk\u0142ada si\u0119 z kilku etap\u00f3w:<br \/>\u2013 pe\u0142nej diagnostyki opartej na analizie zdj\u0119cia RTG oraz wywiadzie przedmiotowym i podmiotowym<br \/>\u2013 zabiegach fizykoterapeutycznych ( zabieg rozgrzewaj\u0105cy oraz elektrostymulacja) \u2013 2 X 15 min.<br \/>\u2013 sesja w maszynie FED \u2013 30 min<br \/>\u2013 \u0107wiczenia indywidualne oparte na \u0107wiczeniach asymetrycznych \u2013 ok 30 min.<br \/>\u2013 cyklicznej kontroli efekt\u00f3w<\/p><p style=\"font-size: 18px;\">Nale\u017cy pami\u0119ta\u0107, \u017ce metoda FED jest w pe\u0142ni bezpieczna oraz bezinwazyjna. Wa\u017cne jest te\u017c, aby zachowa\u0107 rygor \u0107wicze\u0144 i wskaz\u00f3wek zaproponowanych przez terapeut\u0119.<\/p><p style=\"font-size: 18px;\"><span style=\"font-size: 18px; font-weight: 600;\">WA\u017bNE!<\/span><br \/>\u2013 celem zakwalifikowania si\u0119 na terapi\u0119 oraz ustalenia terminu zaj\u0119\u0107, prosimy o wcze\u015bniejszy kontakt telefoniczny lub mailowy<br \/>\u2013 prosimy o zabranie ze sob\u0105 najbardziej aktualnego zdj\u0119cia RTG kr\u0119gos\u0142upa, kt\u00f3re powinno by\u0107 zrobione w projekcji przednio-tylnej z uwzgl\u0119dnieniem talerzy biodrowych<br \/>\u2013 ceny sesji terapeutycznych nie uwzgl\u0119dniaj\u0105 \u017cadnych innych dodatkowych koszt\u00f3w<br \/>\u2013 istnieje mo\u017cliwo\u015b\u0107 zakwaterowania w pobliskim hotelu<br \/>\u2013 cennik dost\u0119pny drog\u0105 telefoniczn\u0105 lub w Centrum na miejscu<\/p><\/article><\/div><section id=\"contact\" class=\"containter special\" style=\"font-variant-ligatures: normal; font-variant-caps: normal; font-family: Dosis; font-size: 18px; font-style: normal; font-weight: 400;\"><header style=\"font-size: 18px;\"><h1>\u00a0<\/h1><\/header><\/section>\t\t\t\t\t\t\t\t<\/div>\n\t\t\t\t<\/div>\n\t\t\t\t<div class=\"elementor-element elementor-element-6f5d24f8 elementor-align-center elementor-widget elementor-widget-button\" data-id=\"6f5d24f8\" data-element_type=\"widget\" data-e-type=\"widget\" data-widget_type=\"button.default\">\n\t\t\t\t<div class=\"elementor-widget-container\">\n\t\t\t\t\t\t\t\t\t<div class=\"elementor-button-wrapper\">\n\t\t\t\t\t<a class=\"elementor-button elementor-button-link elementor-size-sm\" href=\"http:\/\/www.fizjograwitacja.pl\">\n\t\t\t\t\t\t<span class=\"elementor-button-content-wrapper\">\n\t\t\t\t\t\t\t\t\t<span class=\"elementor-button-text\">Powr\u00f3t do strony g\u0142\u00f3wnej<\/span>\n\t\t\t\t\t<\/span>\n\t\t\t\t\t<\/a>\n\t\t\t\t<\/div>\n\t\t\t\t\t\t\t\t<\/div>\n\t\t\t\t<\/div>\n\t\t\t\t\t<\/div>\n\t\t<\/div>\n\t\t\t\t\t<\/div>\n\t\t<\/section>\n\t\t\t\t<\/div>\n\t\t","protected":false},"excerpt":{"rendered":"<p>Centrum rehabilitacji Grawitacja w Radomsku oferuje Pa\u0144stwu mo\u017cliwo\u015b\u0107 leczenia wad postawy metod\u0105 FED. Jest to w pe\u0142ni bezinwazyjny i skuteczny spos\u00f3b leczenia, nierzadko b\u0119d\u0105cy szans\u0105 dla unikni\u0119cia operacji. Nasz team stara si\u0119 podchodzi\u0107 do pacjenta w pe\u0142ni kompleksowo i indywidualnie. Nasi specjali\u015bci, przeszkoleni przez samego tw\u00f3rc\u0119 metody prof. Sanstosa Sastre Fernandeza z Kliniki w Barcelonie [&hellip;]<\/p>\n","protected":false},"author":1,"featured_media":0,"parent":0,"menu_order":0,"comment_status":"closed","ping_status":"closed","template":"","meta":{"om_disable_all_campaigns":false,"_monsterinsights_skip_tracking":false,"_monsterinsights_sitenote_active":false,"_monsterinsights_sitenote_note":"","_monsterinsights_sitenote_category":0,"ocean_post_layout":"full-width","ocean_both_sidebars_style":"","ocean_both_sidebars_content_width":0,"ocean_both_sidebars_sidebars_width":0,"ocean_sidebar":"0","ocean_second_sidebar":"0","ocean_disable_margins":"enable","ocean_add_body_class":"","ocean_shortcode_before_top_bar":"","ocean_shortcode_after_top_bar":"","ocean_shortcode_before_header":"","ocean_shortcode_after_header":"","ocean_has_shortcode":"","ocean_shortcode_after_title":"","ocean_shortcode_before_footer_widgets":"","ocean_shortcode_after_footer_widgets":"","ocean_shortcode_before_footer_bottom":"","ocean_shortcode_after_footer_bottom":"","ocean_display_top_bar":"default","ocean_display_header":"off","ocean_header_style":"","ocean_center_header_left_menu":"0","ocean_custom_header_template":"0","ocean_custom_logo":0,"ocean_custom_retina_logo":0,"ocean_custom_logo_max_width":0,"ocean_custom_logo_tablet_max_width":0,"ocean_custom_logo_mobile_max_width":0,"ocean_custom_logo_max_height":0,"ocean_custom_logo_tablet_max_height":0,"ocean_custom_logo_mobile_max_height":0,"ocean_header_custom_menu":"0","ocean_menu_typo_font_family":"0","ocean_menu_typo_font_subset":"","ocean_menu_typo_font_size":0,"ocean_menu_typo_font_size_tablet":0,"ocean_menu_typo_font_size_mobile":0,"ocean_menu_typo_font_size_unit":"px","ocean_menu_typo_font_weight":"","ocean_menu_typo_font_weight_tablet":"","ocean_menu_typo_font_weight_mobile":"","ocean_menu_typo_transform":"","ocean_menu_typo_transform_tablet":"","ocean_menu_typo_transform_mobile":"","ocean_menu_typo_line_height":0,"ocean_menu_typo_line_height_tablet":0,"ocean_menu_typo_line_height_mobile":0,"ocean_menu_typo_line_height_unit":"","ocean_menu_typo_spacing":0,"ocean_menu_typo_spacing_tablet":0,"ocean_menu_typo_spacing_mobile":0,"ocean_menu_typo_spacing_unit":"","ocean_menu_link_color":"","ocean_menu_link_color_hover":"","ocean_menu_link_color_active":"","ocean_menu_link_background":"","ocean_menu_link_hover_background":"","ocean_menu_link_active_background":"","ocean_menu_social_links_bg":"","ocean_menu_social_hover_links_bg":"","ocean_menu_social_links_color":"","ocean_menu_social_hover_links_color":"","ocean_disable_title":"on","ocean_disable_heading":"default","ocean_post_title":"","ocean_post_subheading":"","ocean_post_title_style":"","ocean_post_title_background_color":"","ocean_post_title_background":0,"ocean_post_title_bg_image_position":"","ocean_post_title_bg_image_attachment":"","ocean_post_title_bg_image_repeat":"","ocean_post_title_bg_image_size":"","ocean_post_title_height":0,"ocean_post_title_bg_overlay":0.5,"ocean_post_title_bg_overlay_color":"","ocean_disable_breadcrumbs":"default","ocean_breadcrumbs_color":"","ocean_breadcrumbs_separator_color":"","ocean_breadcrumbs_links_color":"","ocean_breadcrumbs_links_hover_color":"","ocean_display_footer_widgets":"default","ocean_display_footer_bottom":"default","ocean_custom_footer_template":"0","footnotes":""},"class_list":["post-314","page","type-page","status-publish","hentry","entry"],"aioseo_notices":[],"_hostinger_reach_plugin_has_subscription_block":false,"_hostinger_reach_plugin_is_elementor":false,"_links":{"self":[{"href":"https:\/\/fizjograwitacja.pl\/index.php\/wp-json\/wp\/v2\/pages\/314","targetHints":{"allow":["GET"]}}],"collection":[{"href":"https:\/\/fizjograwitacja.pl\/index.php\/wp-json\/wp\/v2\/pages"}],"about":[{"href":"https:\/\/fizjograwitacja.pl\/index.php\/wp-json\/wp\/v2\/types\/page"}],"author":[{"embeddable":true,"href":"https:\/\/fizjograwitacja.pl\/index.php\/wp-json\/wp\/v2\/users\/1"}],"replies":[{"embeddable":true,"href":"https:\/\/fizjograwitacja.pl\/index.php\/wp-json\/wp\/v2\/comments?post=314"}],"version-history":[{"count":13,"href":"https:\/\/fizjograwitacja.pl\/index.php\/wp-json\/wp\/v2\/pages\/314\/revisions"}],"predecessor-version":[{"id":560,"href":"https:\/\/fizjograwitacja.pl\/index.php\/wp-json\/wp\/v2\/pages\/314\/revisions\/560"}],"wp:attachment":[{"href":"https:\/\/fizjograwitacja.pl\/index.php\/wp-json\/wp\/v2\/media?parent=314"}],"curies":[{"name":"wp","href":"https:\/\/api.w.org\/{rel}","templated":true}]}}